





























{"id":1339,"date":"2024-11-23T17:21:31","date_gmt":"2024-11-23T20:21:31","guid":{"rendered":"https:\/\/delosarroyos.com\/tienda\/?post_type=product&#038;p=1339"},"modified":"2026-03-12T10:37:39","modified_gmt":"2026-03-12T13:37:39","slug":"cortacabellos-remignton-hc-5850","status":"publish","type":"product","link":"https:\/\/delosarroyos.com\/tienda\/producto\/cortacabellos-remignton-hc-5850\/","title":{"rendered":"CORTACABELLOS REMIGNTON HC- 5850"},"content":{"rendered":"<div class=\"sc-24cb27c0-5 RSBpg\"><span class=\"specName\">Inal\u00e1mbrica: <\/span><span class=\"specValue\">S\u00ed<\/span><\/div>\n<div class=\"sc-24cb27c0-5 bSuNu\"><span class=\"specName\">Modo de uso: <\/span><span class=\"specValue\">Sobre piel seca<\/span><\/div>\n<div class=\"sc-24cb27c0-5 RSBpg\"><span class=\"specName\">Cabezal lavable: <\/span><span class=\"specValue\">S\u00ed<\/span><\/div>\n<div class=\"sc-24cb27c0-5 bSuNu\"><span class=\"specName\">N\u00famero de cabezales: <\/span><span class=\"specValue\">8<\/span><\/div>\n<div class=\"sc-24cb27c0-5 RSBpg\"><span class=\"specName\">Posiciones de corte: <\/span><span class=\"specValue\">-2<\/span><\/div>\n","protected":false},"excerpt":{"rendered":"<p>Inal\u00e1mbrica: S\u00ed Modo de uso: Sobre piel seca Cabezal lavable: S\u00ed N\u00famero de cabezales: 8 Posiciones de corte: -2<\/p>\n","protected":false},"featured_media":1340,"template":"","meta":[],"product_brand":[],"product_cat":[15,116,97],"product_tag":[],"class_list":{"0":"post-1339","1":"product","2":"type-product","3":"status-publish","4":"has-post-thumbnail","6":"product_cat-todos-los-productos","7":"product_cat-salud-y-belleza","8":"product_cat-cuidado-personal","10":"first","11":"instock","12":"sold-individually","13":"shipping-taxable","14":"purchasable","15":"product-type-simple"},"_links":{"self":[{"href":"https:\/\/delosarroyos.com\/tienda\/wp-json\/wp\/v2\/product\/1339","targetHints":{"allow":["GET"]}}],"collection":[{"href":"https:\/\/delosarroyos.com\/tienda\/wp-json\/wp\/v2\/product"}],"about":[{"href":"https:\/\/delosarroyos.com\/tienda\/wp-json\/wp\/v2\/types\/product"}],"wp:featuredmedia":[{"embeddable":true,"href":"https:\/\/delosarroyos.com\/tienda\/wp-json\/wp\/v2\/media\/1340"}],"wp:attachment":[{"href":"https:\/\/delosarroyos.com\/tienda\/wp-json\/wp\/v2\/media?parent=1339"}],"wp:term":[{"taxonomy":"product_brand","embeddable":true,"href":"https:\/\/delosarroyos.com\/tienda\/wp-json\/wp\/v2\/product_brand?post=1339"},{"taxonomy":"product_cat","embeddable":true,"href":"https:\/\/delosarroyos.com\/tienda\/wp-json\/wp\/v2\/product_cat?post=1339"},{"taxonomy":"product_tag","embeddable":true,"href":"https:\/\/delosarroyos.com\/tienda\/wp-json\/wp\/v2\/product_tag?post=1339"}],"curies":[{"name":"wp","href":"https:\/\/api.w.org\/{rel}","templated":true}]}}