





























{"id":1413,"date":"2024-11-25T10:07:37","date_gmt":"2024-11-25T13:07:37","guid":{"rendered":"https:\/\/delosarroyos.com\/tienda\/?post_type=product&#038;p=1413"},"modified":"2026-02-24T09:27:55","modified_gmt":"2026-02-24T12:27:55","slug":"termotanque-longvie-t3075cf","status":"publish","type":"product","link":"https:\/\/delosarroyos.com\/tienda\/producto\/termotanque-longvie-t3075cf\/","title":{"rendered":"TERMOTANQUE LONGVIE T3075CF COLGAR CONEX. INFERIOR"},"content":{"rendered":"<p>Multigas.<br \/>\n&#8211; Capacidad 75 litros.<br \/>\n&#8211; Garant\u00eda 7 A\u00f1os en la Rep\u00fablica Argentina.<br \/>\n&#8211; Kit de instalaci\u00f3n para colgar.<br \/>\n&#8211; Encendido Piezoel\u00e9ctrico.<br \/>\n&#8211; Recuperaci\u00f3n Simult\u00e1nea.<br \/>\n&#8211; Ultrasensible sistema termodetector.<br \/>\n&#8211; Tanque de acero enlozado Vitroplus II.<br \/>\n&#8211; Aislaci\u00f3n ecol\u00f3gica (lana de vidrio).<br \/>\n&#8211; Piloto analizador de ox\u00edgeno.<br \/>\n&#8211; V\u00e1lvula de seguridad.<br \/>\n&#8211; V\u00e1lvula de alivio por sobrepresi\u00f3n.<br \/>\n&#8211; Barra de protecci\u00f3n anticorrosiva (\u00e1nodo de magnesio).<br \/>\n&#8211; Conexi\u00f3n de agua inferior.<br \/>\n&#8211; Grifo de purga para vaciado y limpieza del tanque.<br \/>\n&#8211; Permite conexi\u00f3n en paralelo.<br \/>\n&#8211; Tiraje vertical (tiraje horizontal opcional).<br \/>\n&#8211; No requiere ventilaci\u00f3n a los cuatro vientos.<br \/>\n&#8211; Color: blanco.<br \/>\n&#8211; Medidas: di\u00e1metro 43,8 cm, alto total 98,0 cm, alto a conexi\u00f3n de agua 25,0 cm.<\/p>\n","protected":false},"excerpt":{"rendered":"<p>Multigas. &#8211; Capacidad 75 litros. &#8211; Garant\u00eda 7 A\u00f1os en la Rep\u00fablica Argentina. &#8211; Kit de instalaci\u00f3n para colgar. &#8211; Encendido Piezoel\u00e9ctrico. &#8211; Recuperaci\u00f3n Simult\u00e1nea. &#8211; Ultrasensible sistema termodetector. &#8211; Tanque de acero enlozado Vitroplus II. &#8211; Aislaci\u00f3n ecol\u00f3gica (lana de vidrio). &#8211; Piloto analizador de ox\u00edgeno. &#8211; V\u00e1lvula de seguridad. &#8211; V\u00e1lvula de alivio [&#8230;]\n","protected":false},"featured_media":1414,"template":"","meta":[],"product_brand":[],"product_cat":[15,69,108],"product_tag":[],"class_list":{"0":"post-1413","1":"product","2":"type-product","3":"status-publish","4":"has-post-thumbnail","6":"product_cat-todos-los-productos","7":"product_cat-productos-cocinas","8":"product_cat-termotanques","10":"first","11":"instock","12":"sold-individually","13":"shipping-taxable","14":"purchasable","15":"product-type-simple"},"_links":{"self":[{"href":"https:\/\/delosarroyos.com\/tienda\/wp-json\/wp\/v2\/product\/1413","targetHints":{"allow":["GET"]}}],"collection":[{"href":"https:\/\/delosarroyos.com\/tienda\/wp-json\/wp\/v2\/product"}],"about":[{"href":"https:\/\/delosarroyos.com\/tienda\/wp-json\/wp\/v2\/types\/product"}],"wp:featuredmedia":[{"embeddable":true,"href":"https:\/\/delosarroyos.com\/tienda\/wp-json\/wp\/v2\/media\/1414"}],"wp:attachment":[{"href":"https:\/\/delosarroyos.com\/tienda\/wp-json\/wp\/v2\/media?parent=1413"}],"wp:term":[{"taxonomy":"product_brand","embeddable":true,"href":"https:\/\/delosarroyos.com\/tienda\/wp-json\/wp\/v2\/product_brand?post=1413"},{"taxonomy":"product_cat","embeddable":true,"href":"https:\/\/delosarroyos.com\/tienda\/wp-json\/wp\/v2\/product_cat?post=1413"},{"taxonomy":"product_tag","embeddable":true,"href":"https:\/\/delosarroyos.com\/tienda\/wp-json\/wp\/v2\/product_tag?post=1413"}],"curies":[{"name":"wp","href":"https:\/\/api.w.org\/{rel}","templated":true}]}}