





























{"id":1764,"date":"2024-11-29T11:33:57","date_gmt":"2024-11-29T14:33:57","guid":{"rendered":"https:\/\/delosarroyos.com\/tienda\/?post_type=product&#038;p=1764"},"modified":"2026-04-06T09:00:29","modified_gmt":"2026-04-06T12:00:29","slug":"bolsa-de-dormir-brogas-nogal-200","status":"publish","type":"product","link":"https:\/\/delosarroyos.com\/tienda\/producto\/bolsa-de-dormir-brogas-nogal-200\/","title":{"rendered":"BOLSA DE DORMIR BROGAS NOGAL 200"},"content":{"rendered":"<p>Para temperaturas: +19 C\u00ba \/ 0 C\u00ba.<br \/>\nExterior: Poli\u00e9ster 68D \/ 190T w\/r cire.<br \/>\nInterior: Poli\u00e9ster + Algod\u00f3n.<br \/>\nRelleno: Fibra hueca siliconada 200 g\/m\u00b2.<br \/>\nAl elegir una bolsa de dormir, adem\u00e1s de la estaci\u00f3n del a\u00f1o, hay que tener en cuenta la zona espec\u00edfica de uso y sus condiciones metereol\u00f3gicas particulares, como humedad ambiente o vientos caracter\u00edsticos.<br \/>\nSiempre es aconsejable elegir un saco de dormir con un rango de temperatura de confort m\u00e1s bajo que la temperatura menor a la que se espera encontrar en el lugar de destino. Por ejemplo, si la zona tiene temperaturas cercanas a 0 \u00b0C, se recomienda elegir un saco de -6 \u00b0C en vez de uno de +1 \u00b0C. En caso de que la temperatura se mantenga m\u00e1s alta de lo esperado, es m\u00e1s f\u00e1cil ventilar el saco para mayor circulaci\u00f3n de aire.<\/p>\n","protected":false},"excerpt":{"rendered":"<p>Para temperaturas: +19 C\u00ba \/ 0 C\u00ba. Exterior: Poli\u00e9ster 68D \/ 190T w\/r cire. Interior: Poli\u00e9ster + Algod\u00f3n. Relleno: Fibra hueca siliconada 200 g\/m\u00b2. Al elegir una bolsa de dormir, adem\u00e1s de la estaci\u00f3n del a\u00f1o, hay que tener en cuenta la zona espec\u00edfica de uso y sus condiciones metereol\u00f3gicas particulares, como humedad ambiente o [&#8230;]\n","protected":false},"featured_media":1775,"template":"","meta":[],"product_brand":[],"product_cat":[15,120,133],"product_tag":[],"class_list":{"0":"post-1764","1":"product","2":"type-product","3":"status-publish","4":"has-post-thumbnail","6":"product_cat-todos-los-productos","7":"product_cat-hogar-y-deco","8":"product_cat-camping","10":"first","11":"instock","12":"sold-individually","13":"shipping-taxable","14":"purchasable","15":"product-type-simple"},"_links":{"self":[{"href":"https:\/\/delosarroyos.com\/tienda\/wp-json\/wp\/v2\/product\/1764","targetHints":{"allow":["GET"]}}],"collection":[{"href":"https:\/\/delosarroyos.com\/tienda\/wp-json\/wp\/v2\/product"}],"about":[{"href":"https:\/\/delosarroyos.com\/tienda\/wp-json\/wp\/v2\/types\/product"}],"wp:featuredmedia":[{"embeddable":true,"href":"https:\/\/delosarroyos.com\/tienda\/wp-json\/wp\/v2\/media\/1775"}],"wp:attachment":[{"href":"https:\/\/delosarroyos.com\/tienda\/wp-json\/wp\/v2\/media?parent=1764"}],"wp:term":[{"taxonomy":"product_brand","embeddable":true,"href":"https:\/\/delosarroyos.com\/tienda\/wp-json\/wp\/v2\/product_brand?post=1764"},{"taxonomy":"product_cat","embeddable":true,"href":"https:\/\/delosarroyos.com\/tienda\/wp-json\/wp\/v2\/product_cat?post=1764"},{"taxonomy":"product_tag","embeddable":true,"href":"https:\/\/delosarroyos.com\/tienda\/wp-json\/wp\/v2\/product_tag?post=1764"}],"curies":[{"name":"wp","href":"https:\/\/api.w.org\/{rel}","templated":true}]}}