





























{"id":1808,"date":"2024-11-29T13:56:31","date_gmt":"2024-11-29T16:56:31","guid":{"rendered":"https:\/\/delosarroyos.com\/tienda\/?post_type=product&#038;p=1808"},"modified":"2026-04-07T10:30:35","modified_gmt":"2026-04-07T13:30:35","slug":"fabrica-de-pasta-marcato-ampia-180","status":"publish","type":"product","link":"https:\/\/delosarroyos.com\/tienda\/producto\/fabrica-de-pasta-marcato-ampia-180\/","title":{"rendered":"FABRICA DE PASTA MARCATO AMPIA-180"},"content":{"rendered":"<p>Producto: F\u00e1brica de Pastas Marcato Ampia 180.<\/p>\n<p>&#8211; M\u00e1quina para pastas totalmente de acero inoxidable.<br \/>\n&#8211; Estira, lamina y corta la pasta en distintos tama\u00f1os.<br \/>\n&#8211; Anchura de la masa: 180 mm.<br \/>\n&#8211; Regulador con 10 posiciones que permite lograr diferentes espesores (de 0,6 mm a 4,8 mm).<br \/>\n&#8211; Fijaci\u00f3n al espacio de trabajo a trav\u00e9s de una pinza.<\/p>\n","protected":false},"excerpt":{"rendered":"<p>Producto: F\u00e1brica de Pastas Marcato Ampia 180. &#8211; M\u00e1quina para pastas totalmente de acero inoxidable. &#8211; Estira, lamina y corta la pasta en distintos tama\u00f1os. &#8211; Anchura de la masa: 180 mm. &#8211; Regulador con 10 posiciones que permite lograr diferentes espesores (de 0,6 mm a 4,8 mm). &#8211; Fijaci\u00f3n al espacio de trabajo a [&#8230;]\n","protected":false},"featured_media":1809,"template":"","meta":[],"product_brand":[],"product_cat":[15,69,70],"product_tag":[],"class_list":{"0":"post-1808","1":"product","2":"type-product","3":"status-publish","4":"has-post-thumbnail","6":"product_cat-todos-los-productos","7":"product_cat-productos-cocinas","8":"product_cat-productos-electros","10":"first","11":"instock","12":"sold-individually","13":"shipping-taxable","14":"purchasable","15":"product-type-simple"},"_links":{"self":[{"href":"https:\/\/delosarroyos.com\/tienda\/wp-json\/wp\/v2\/product\/1808","targetHints":{"allow":["GET"]}}],"collection":[{"href":"https:\/\/delosarroyos.com\/tienda\/wp-json\/wp\/v2\/product"}],"about":[{"href":"https:\/\/delosarroyos.com\/tienda\/wp-json\/wp\/v2\/types\/product"}],"wp:featuredmedia":[{"embeddable":true,"href":"https:\/\/delosarroyos.com\/tienda\/wp-json\/wp\/v2\/media\/1809"}],"wp:attachment":[{"href":"https:\/\/delosarroyos.com\/tienda\/wp-json\/wp\/v2\/media?parent=1808"}],"wp:term":[{"taxonomy":"product_brand","embeddable":true,"href":"https:\/\/delosarroyos.com\/tienda\/wp-json\/wp\/v2\/product_brand?post=1808"},{"taxonomy":"product_cat","embeddable":true,"href":"https:\/\/delosarroyos.com\/tienda\/wp-json\/wp\/v2\/product_cat?post=1808"},{"taxonomy":"product_tag","embeddable":true,"href":"https:\/\/delosarroyos.com\/tienda\/wp-json\/wp\/v2\/product_tag?post=1808"}],"curies":[{"name":"wp","href":"https:\/\/api.w.org\/{rel}","templated":true}]}}