





























{"id":3035,"date":"2025-04-10T11:58:22","date_gmt":"2025-04-10T14:58:22","guid":{"rendered":"https:\/\/delosarroyos.com\/tienda\/?post_type=product&#038;p=3035"},"modified":"2025-10-09T08:43:20","modified_gmt":"2025-10-09T11:43:20","slug":"mopa-gadnic-4-panos","status":"publish","type":"product","link":"https:\/\/delosarroyos.com\/tienda\/producto\/mopa-gadnic-4-panos\/","title":{"rendered":"MOPA GADNIC + 4 PA\u00d1OS"},"content":{"rendered":"<p>MOPA GIRATORIA 360 CON SISTEMA<br \/>\nCENTR\u00cdFUGO,<br \/>\nBALDE CON TAMBOR CENTRIFUGADOR<br \/>\nDE ACERO INOXIDABLE<br \/>\nBALDE DE PL\u00c1STICO REFORZADO<br \/>\nINCLUYE 4 MOPAS DE MICROFIBRA<br \/>\nULTRA-ABSORBENTES<br \/>\nINCLUYE DISPENSER PARA DETERGENTE<br \/>\nL\u00cdQUIDO<br \/>\nBALDE DE 13 LITROS<\/p>\n","protected":false},"excerpt":{"rendered":"<p>MOPA GIRATORIA 360 CON SISTEMA CENTR\u00cdFUGO, BALDE CON TAMBOR CENTRIFUGADOR DE ACERO INOXIDABLE BALDE DE PL\u00c1STICO REFORZADO INCLUYE 4 MOPAS DE MICROFIBRA ULTRA-ABSORBENTES INCLUYE DISPENSER PARA DETERGENTE L\u00cdQUIDO BALDE DE 13 LITROS<\/p>\n","protected":false},"featured_media":3036,"template":"","meta":[],"product_brand":[],"product_cat":[15,69,117],"product_tag":[],"class_list":{"0":"post-3035","1":"product","2":"type-product","3":"status-publish","4":"has-post-thumbnail","6":"product_cat-todos-los-productos","7":"product_cat-productos-cocinas","8":"product_cat-pequenos-hogar","10":"first","11":"instock","12":"sold-individually","13":"shipping-taxable","14":"purchasable","15":"product-type-simple"},"_links":{"self":[{"href":"https:\/\/delosarroyos.com\/tienda\/wp-json\/wp\/v2\/product\/3035","targetHints":{"allow":["GET"]}}],"collection":[{"href":"https:\/\/delosarroyos.com\/tienda\/wp-json\/wp\/v2\/product"}],"about":[{"href":"https:\/\/delosarroyos.com\/tienda\/wp-json\/wp\/v2\/types\/product"}],"wp:featuredmedia":[{"embeddable":true,"href":"https:\/\/delosarroyos.com\/tienda\/wp-json\/wp\/v2\/media\/3036"}],"wp:attachment":[{"href":"https:\/\/delosarroyos.com\/tienda\/wp-json\/wp\/v2\/media?parent=3035"}],"wp:term":[{"taxonomy":"product_brand","embeddable":true,"href":"https:\/\/delosarroyos.com\/tienda\/wp-json\/wp\/v2\/product_brand?post=3035"},{"taxonomy":"product_cat","embeddable":true,"href":"https:\/\/delosarroyos.com\/tienda\/wp-json\/wp\/v2\/product_cat?post=3035"},{"taxonomy":"product_tag","embeddable":true,"href":"https:\/\/delosarroyos.com\/tienda\/wp-json\/wp\/v2\/product_tag?post=3035"}],"curies":[{"name":"wp","href":"https:\/\/api.w.org\/{rel}","templated":true}]}}