





























{"id":3320,"date":"2025-07-11T08:52:28","date_gmt":"2025-07-11T11:52:28","guid":{"rendered":"https:\/\/delosarroyos.com\/tienda\/?post_type=product&#038;p=3320"},"modified":"2026-04-21T11:35:55","modified_gmt":"2026-04-21T14:35:55","slug":"termotanque-electrico-sherman-55l-conex-inferior","status":"publish","type":"product","link":"https:\/\/delosarroyos.com\/tienda\/producto\/termotanque-electrico-sherman-55l-conex-inferior\/","title":{"rendered":"TERMOTANQUE ELECTRICO SHERMAN 55L CONEX INFERIOR"},"content":{"rendered":"<p>TERMOTANQUE ELECTRICO E0003209<br \/>\n55 LITROS MODELO (TEC55)<br \/>\nCONEXI\u00d3N INFERIOR<br \/>\n2000 WATTS.<br \/>\n86 L\/H<br \/>\nDISE\u00d1O COMPACTO.<br \/>\nV\u00c1LVULA DE SEGURIDAD.<br \/>\nAISLAMIENTO DE POLIURETANO ECOL\u00d3GICO<br \/>\nCAP. 55 LTS.<br \/>\nALTO: 55 CM<br \/>\nANCHO: 45.1 CM<br \/>\nCOLOR: BLANCO<\/p>\n","protected":false},"excerpt":{"rendered":"<p>TERMOTANQUE ELECTRICO E0003209 55 LITROS MODELO (TEC55) CONEXI\u00d3N INFERIOR 2000 WATTS. 86 L\/H DISE\u00d1O COMPACTO. V\u00c1LVULA DE SEGURIDAD. AISLAMIENTO DE POLIURETANO ECOL\u00d3GICO CAP. 55 LTS. ALTO: 55 CM ANCHO: 45.1 CM COLOR: BLANCO<\/p>\n","protected":false},"featured_media":3321,"template":"","meta":[],"product_brand":[],"product_cat":[15,69,108],"product_tag":[],"class_list":{"0":"post-3320","1":"product","2":"type-product","3":"status-publish","4":"has-post-thumbnail","6":"product_cat-todos-los-productos","7":"product_cat-productos-cocinas","8":"product_cat-termotanques","10":"first","11":"instock","12":"sold-individually","13":"shipping-taxable","14":"purchasable","15":"product-type-simple"},"_links":{"self":[{"href":"https:\/\/delosarroyos.com\/tienda\/wp-json\/wp\/v2\/product\/3320","targetHints":{"allow":["GET"]}}],"collection":[{"href":"https:\/\/delosarroyos.com\/tienda\/wp-json\/wp\/v2\/product"}],"about":[{"href":"https:\/\/delosarroyos.com\/tienda\/wp-json\/wp\/v2\/types\/product"}],"wp:featuredmedia":[{"embeddable":true,"href":"https:\/\/delosarroyos.com\/tienda\/wp-json\/wp\/v2\/media\/3321"}],"wp:attachment":[{"href":"https:\/\/delosarroyos.com\/tienda\/wp-json\/wp\/v2\/media?parent=3320"}],"wp:term":[{"taxonomy":"product_brand","embeddable":true,"href":"https:\/\/delosarroyos.com\/tienda\/wp-json\/wp\/v2\/product_brand?post=3320"},{"taxonomy":"product_cat","embeddable":true,"href":"https:\/\/delosarroyos.com\/tienda\/wp-json\/wp\/v2\/product_cat?post=3320"},{"taxonomy":"product_tag","embeddable":true,"href":"https:\/\/delosarroyos.com\/tienda\/wp-json\/wp\/v2\/product_tag?post=3320"}],"curies":[{"name":"wp","href":"https:\/\/api.w.org\/{rel}","templated":true}]}}