





























{"id":3376,"date":"2025-08-05T08:13:27","date_gmt":"2025-08-05T11:13:27","guid":{"rendered":"https:\/\/delosarroyos.com\/tienda\/?post_type=product&#038;p=3376"},"modified":"2025-11-04T10:10:08","modified_gmt":"2025-11-04T13:10:08","slug":"olla-alta-22-cm-grafito-cristal-antiadherente","status":"publish","type":"product","link":"https:\/\/delosarroyos.com\/tienda\/producto\/olla-alta-22-cm-grafito-cristal-antiadherente\/","title":{"rendered":"OLLA ALTA 22 CM GRAFITO CRISTAL ANTIADHERENTE"},"content":{"rendered":"<p>La l\u00ednea Cristal de MTA fue dise\u00f1ada especialmente para el uso diario, sus piezas confeccionadas en aluminio de 1,2 mm de espesor y revestimiento interno de antiadherente Superflon de 5 capas, proporcionan una cocci\u00f3n r\u00e1pida y uniforme, evitando que la comida se pegue a la superficie.<br \/>\nLas asas de bakelita at\u00e9rmica reducen la propagaci\u00f3n del calor. Sus tapas de vidrio templado con salida de vapor facilitan la cocci\u00f3n permitiendo visualizar los alimentos.<br \/>\nPueden utilizarse en cocinas a gas, el\u00e9ctricas y vitrocer\u00e1micas y son aptas para lavavajillas.<\/p>\n<p>Caracter\u00edsticas:<br \/>\n&#8211; Cuerpo de aluminio 1,2 mm de espesor<br \/>\n&#8211; Revestimiento antiadherente Superflon 5 capas<br \/>\n&#8211; Medidas: Di\u00e1metro 22 cm | Altura 15,5 cm<br \/>\n&#8211; Capacidad: 5,5 lt<br \/>\n&#8211; Peso: 1,020 kg<\/p>\n","protected":false},"excerpt":{"rendered":"<p>La l\u00ednea Cristal de MTA fue dise\u00f1ada especialmente para el uso diario, sus piezas confeccionadas en aluminio de 1,2 mm de espesor y revestimiento interno de antiadherente Superflon de 5 capas, proporcionan una cocci\u00f3n r\u00e1pida y uniforme, evitando que la comida se pegue a la superficie. Las asas de bakelita at\u00e9rmica reducen la propagaci\u00f3n del [&#8230;]\n","protected":false},"featured_media":3377,"template":"","meta":[],"product_brand":[],"product_cat":[15,69,70],"product_tag":[],"class_list":{"0":"post-3376","1":"product","2":"type-product","3":"status-publish","4":"has-post-thumbnail","6":"product_cat-todos-los-productos","7":"product_cat-productos-cocinas","8":"product_cat-productos-electros","10":"first","11":"instock","12":"sold-individually","13":"shipping-taxable","14":"purchasable","15":"product-type-simple"},"_links":{"self":[{"href":"https:\/\/delosarroyos.com\/tienda\/wp-json\/wp\/v2\/product\/3376","targetHints":{"allow":["GET"]}}],"collection":[{"href":"https:\/\/delosarroyos.com\/tienda\/wp-json\/wp\/v2\/product"}],"about":[{"href":"https:\/\/delosarroyos.com\/tienda\/wp-json\/wp\/v2\/types\/product"}],"wp:featuredmedia":[{"embeddable":true,"href":"https:\/\/delosarroyos.com\/tienda\/wp-json\/wp\/v2\/media\/3377"}],"wp:attachment":[{"href":"https:\/\/delosarroyos.com\/tienda\/wp-json\/wp\/v2\/media?parent=3376"}],"wp:term":[{"taxonomy":"product_brand","embeddable":true,"href":"https:\/\/delosarroyos.com\/tienda\/wp-json\/wp\/v2\/product_brand?post=3376"},{"taxonomy":"product_cat","embeddable":true,"href":"https:\/\/delosarroyos.com\/tienda\/wp-json\/wp\/v2\/product_cat?post=3376"},{"taxonomy":"product_tag","embeddable":true,"href":"https:\/\/delosarroyos.com\/tienda\/wp-json\/wp\/v2\/product_tag?post=3376"}],"curies":[{"name":"wp","href":"https:\/\/api.w.org\/{rel}","templated":true}]}}