





























{"id":4042,"date":"2026-04-13T11:53:13","date_gmt":"2026-04-13T14:53:13","guid":{"rendered":"https:\/\/delosarroyos.com\/tienda\/?post_type=product&#038;p=4042"},"modified":"2026-04-13T11:58:19","modified_gmt":"2026-04-13T14:58:19","slug":"escalera-4-escalones-aluminio-1-23m-mor","status":"publish","type":"product","link":"https:\/\/delosarroyos.com\/tienda\/producto\/escalera-4-escalones-aluminio-1-23m-mor\/","title":{"rendered":"ESCALERA 4 ESCALONES ALUMINIO 1.23M MOR"},"content":{"rendered":"<p>MOR ESCALERA DE ALUMINIO 4 ESCALONES SKU: 5102 Escalera de 4 escalones de Mor, tiene una estructura de aluminio, mientras su superficie superior est\u00e1 hecha de pl\u00e1stico. Su plataforma superior es grande con suficiente superficie para tus pies. Est\u00e1 hecha en material resistente y duradero. Es f\u00e1cil de transportar y guardar debido a que es plegable.<\/p>\n<p>&#8211; Cuatro escalones<\/p>\n<p>&#8211; Profundidad Escal\u00f3n: 7,5 cm<\/p>\n<p>&#8211; Estructura de aluminio<\/p>\n<p>&#8211; Capacidad: 120 kgs.<\/p>\n<p>&#8211; Medidas: 134x41x67 cms.<\/p>\n<p>&#8211; Altura de la plataforma: 85 cms.<\/p>\n<p>&#8211; Medida cerrada 140x41x12 cms.<\/p>\n<p>&#8211; Peso del producto: 2,90 kg.<\/p>\n","protected":false},"excerpt":{"rendered":"<p>MOR ESCALERA DE ALUMINIO 4 ESCALONES SKU: 5102 Escalera de 4 escalones de Mor, tiene una estructura de aluminio, mientras su superficie superior est\u00e1 hecha de pl\u00e1stico. Su plataforma superior es grande con suficiente superficie para tus pies. Est\u00e1 hecha en material resistente y duradero. Es f\u00e1cil de transportar y guardar debido a que es [&#8230;]\n","protected":false},"featured_media":4043,"template":"","meta":[],"product_brand":[],"product_cat":[15,131,95],"product_tag":[],"class_list":{"0":"post-4042","1":"product","2":"type-product","3":"status-publish","4":"has-post-thumbnail","6":"product_cat-todos-los-productos","7":"product_cat-herramientas-y-construccion","8":"product_cat-herramientas","10":"first","11":"instock","12":"sold-individually","13":"shipping-taxable","14":"purchasable","15":"product-type-simple"},"_links":{"self":[{"href":"https:\/\/delosarroyos.com\/tienda\/wp-json\/wp\/v2\/product\/4042","targetHints":{"allow":["GET"]}}],"collection":[{"href":"https:\/\/delosarroyos.com\/tienda\/wp-json\/wp\/v2\/product"}],"about":[{"href":"https:\/\/delosarroyos.com\/tienda\/wp-json\/wp\/v2\/types\/product"}],"wp:featuredmedia":[{"embeddable":true,"href":"https:\/\/delosarroyos.com\/tienda\/wp-json\/wp\/v2\/media\/4043"}],"wp:attachment":[{"href":"https:\/\/delosarroyos.com\/tienda\/wp-json\/wp\/v2\/media?parent=4042"}],"wp:term":[{"taxonomy":"product_brand","embeddable":true,"href":"https:\/\/delosarroyos.com\/tienda\/wp-json\/wp\/v2\/product_brand?post=4042"},{"taxonomy":"product_cat","embeddable":true,"href":"https:\/\/delosarroyos.com\/tienda\/wp-json\/wp\/v2\/product_cat?post=4042"},{"taxonomy":"product_tag","embeddable":true,"href":"https:\/\/delosarroyos.com\/tienda\/wp-json\/wp\/v2\/product_tag?post=4042"}],"curies":[{"name":"wp","href":"https:\/\/api.w.org\/{rel}","templated":true}]}}