





























{"id":4054,"date":"2026-04-17T10:11:23","date_gmt":"2026-04-17T13:11:23","guid":{"rendered":"https:\/\/delosarroyos.com\/tienda\/?post_type=product&#038;p=4054"},"modified":"2026-04-17T10:14:13","modified_gmt":"2026-04-17T13:14:13","slug":"termotanque-senorial-zafiro-2-0-75l-electrico-c-in","status":"publish","type":"product","link":"https:\/\/delosarroyos.com\/tienda\/producto\/termotanque-senorial-zafiro-2-0-75l-electrico-c-in\/","title":{"rendered":"TERMOTANQUE SE\u00d1ORIAL ZAFIRO 2.0 75L ELECTRICO C\/IN"},"content":{"rendered":"<p>Capacidad de 75 litros: ideal para mayor demanda de agua caliente en el hogar.<\/p>\n<p>Potencia de 1800W: calentamiento r\u00e1pido y eficiente.<\/p>\n<p>Instalaci\u00f3n colgar inferior: optimiza el espacio y facilita su colocaci\u00f3n.<\/p>\n<p>Dise\u00f1o compacto: adaptable a distintos ambientes.<\/p>\n<p>Estructura resistente: mayor durabilidad para uso continuo.<\/p>\n<p>Uso el\u00e9ctrico: pr\u00e1ctico, seguro y de f\u00e1cil instalaci\u00f3n.<\/p>\n","protected":false},"excerpt":{"rendered":"<p>Capacidad de 75 litros: ideal para mayor demanda de agua caliente en el hogar. Potencia de 1800W: calentamiento r\u00e1pido y eficiente. Instalaci\u00f3n colgar inferior: optimiza el espacio y facilita su colocaci\u00f3n. Dise\u00f1o compacto: adaptable a distintos ambientes. Estructura resistente: mayor durabilidad para uso continuo. Uso el\u00e9ctrico: pr\u00e1ctico, seguro y de f\u00e1cil instalaci\u00f3n.<\/p>\n","protected":false},"featured_media":4055,"template":"","meta":[],"product_brand":[],"product_cat":[15,69,108],"product_tag":[],"class_list":{"0":"post-4054","1":"product","2":"type-product","3":"status-publish","4":"has-post-thumbnail","6":"product_cat-todos-los-productos","7":"product_cat-productos-cocinas","8":"product_cat-termotanques","10":"first","11":"instock","12":"sold-individually","13":"shipping-taxable","14":"purchasable","15":"product-type-simple"},"_links":{"self":[{"href":"https:\/\/delosarroyos.com\/tienda\/wp-json\/wp\/v2\/product\/4054","targetHints":{"allow":["GET"]}}],"collection":[{"href":"https:\/\/delosarroyos.com\/tienda\/wp-json\/wp\/v2\/product"}],"about":[{"href":"https:\/\/delosarroyos.com\/tienda\/wp-json\/wp\/v2\/types\/product"}],"wp:featuredmedia":[{"embeddable":true,"href":"https:\/\/delosarroyos.com\/tienda\/wp-json\/wp\/v2\/media\/4055"}],"wp:attachment":[{"href":"https:\/\/delosarroyos.com\/tienda\/wp-json\/wp\/v2\/media?parent=4054"}],"wp:term":[{"taxonomy":"product_brand","embeddable":true,"href":"https:\/\/delosarroyos.com\/tienda\/wp-json\/wp\/v2\/product_brand?post=4054"},{"taxonomy":"product_cat","embeddable":true,"href":"https:\/\/delosarroyos.com\/tienda\/wp-json\/wp\/v2\/product_cat?post=4054"},{"taxonomy":"product_tag","embeddable":true,"href":"https:\/\/delosarroyos.com\/tienda\/wp-json\/wp\/v2\/product_tag?post=4054"}],"curies":[{"name":"wp","href":"https:\/\/api.w.org\/{rel}","templated":true}]}}