





























{"id":4086,"date":"2026-04-27T10:35:29","date_gmt":"2026-04-27T13:35:29","guid":{"rendered":"https:\/\/delosarroyos.com\/tienda\/?post_type=product&#038;p=4086"},"modified":"2026-04-27T10:35:29","modified_gmt":"2026-04-27T13:35:29","slug":"calefactor-tiro-balanceado-eskabe-s21tb5p-5000kcal","status":"publish","type":"product","link":"https:\/\/delosarroyos.com\/tienda\/producto\/calefactor-tiro-balanceado-eskabe-s21tb5p-5000kcal\/","title":{"rendered":"CALEFACTOR TIRO BALANCEADO ESKABE S21TB5P 5000kcal"},"content":{"rendered":"<p>Tiro balanceado.<\/p>\n<p>Modelo: S21 tb encendido piezoel\u00e9ctrico.<\/p>\n<p>Clase A<\/p>\n<p>Potencia: 4800 kcal\/h<\/p>\n<p>Calefacciona: \u00a0h\/46 m2.<\/p>\n<p>Multig\u00e1s.<\/p>\n<p>Color: Cava.<\/p>\n<p>Encendido Piezoel\u00e9ctrico.<\/p>\n<p>Aromatizador de ambiente.<\/p>\n<p>Rejilla de acero.<\/p>\n<p>Salida de Calor Frontal.<\/p>\n<p>V\u00e1lvula de seguridad.<\/p>\n<p>Salida ventilaci\u00f3n Horizontal.<\/p>\n<p>Ancho Gabinete (cm): 69,5.<\/p>\n<p>Alto Gabinete (cm): 50,8.<\/p>\n<p>Profundidad Gabinete (cm): 16,6.<\/p>\n<p>Di\u00e1metro orificio en pared de ventilaci\u00f3n horizontal (cm): 18.<\/p>\n","protected":false},"excerpt":{"rendered":"<p>Tiro balanceado. Modelo: S21 tb encendido piezoel\u00e9ctrico. Clase A Potencia: 4800 kcal\/h Calefacciona: \u00a0h\/46 m2. Multig\u00e1s. Color: Cava. Encendido Piezoel\u00e9ctrico. Aromatizador de ambiente. Rejilla de acero. Salida de Calor Frontal. V\u00e1lvula de seguridad. Salida ventilaci\u00f3n Horizontal. Ancho Gabinete (cm): 69,5. Alto Gabinete (cm): 50,8. Profundidad Gabinete (cm): 16,6. Di\u00e1metro orificio en pared de ventilaci\u00f3n horizontal [&#8230;]\n","protected":false},"featured_media":4087,"template":"","meta":[],"product_brand":[],"product_cat":[15,69,118],"product_tag":[],"class_list":{"0":"post-4086","1":"product","2":"type-product","3":"status-publish","4":"has-post-thumbnail","6":"product_cat-todos-los-productos","7":"product_cat-productos-cocinas","8":"product_cat-climatizacion","10":"first","11":"instock","12":"shipping-taxable","13":"purchasable","14":"product-type-simple"},"_links":{"self":[{"href":"https:\/\/delosarroyos.com\/tienda\/wp-json\/wp\/v2\/product\/4086","targetHints":{"allow":["GET"]}}],"collection":[{"href":"https:\/\/delosarroyos.com\/tienda\/wp-json\/wp\/v2\/product"}],"about":[{"href":"https:\/\/delosarroyos.com\/tienda\/wp-json\/wp\/v2\/types\/product"}],"wp:featuredmedia":[{"embeddable":true,"href":"https:\/\/delosarroyos.com\/tienda\/wp-json\/wp\/v2\/media\/4087"}],"wp:attachment":[{"href":"https:\/\/delosarroyos.com\/tienda\/wp-json\/wp\/v2\/media?parent=4086"}],"wp:term":[{"taxonomy":"product_brand","embeddable":true,"href":"https:\/\/delosarroyos.com\/tienda\/wp-json\/wp\/v2\/product_brand?post=4086"},{"taxonomy":"product_cat","embeddable":true,"href":"https:\/\/delosarroyos.com\/tienda\/wp-json\/wp\/v2\/product_cat?post=4086"},{"taxonomy":"product_tag","embeddable":true,"href":"https:\/\/delosarroyos.com\/tienda\/wp-json\/wp\/v2\/product_tag?post=4086"}],"curies":[{"name":"wp","href":"https:\/\/api.w.org\/{rel}","templated":true}]}}